{"id":2673,"date":"2026-02-07T21:41:35","date_gmt":"2026-02-07T21:41:35","guid":{"rendered":"https:\/\/lovenotwar.com.ar\/?post_type=product&#038;p=2673"},"modified":"2026-02-07T21:41:35","modified_gmt":"2026-02-07T21:41:35","slug":"aros-bianca","status":"publish","type":"product","link":"https:\/\/lovenotwar.com.ar\/?product=aros-bianca","title":{"rendered":"Aros Bianca"},"content":{"rendered":"","protected":false},"excerpt":{"rendered":"<p>Aros Bianca<br \/>\nElegancia con un giro moderno. La calidez del Carey en una silueta geom\u00e9trica que aporta sofisticaci\u00f3n sin esfuerzo.<br \/>\n* Sujeci\u00f3n: Pasante hipoalerg\u00e9nico con acabado texturizado y tope de seguridad. Su estructura est\u00e1 balanceada para ser ultra liviana.<br \/>\n* Material: Acr\u00edlico reciclado de alta densidad con acabado Carey marmoleado y conectores fundidos.<br \/>\n* Dise\u00f1o: Composici\u00f3n de ca\u00edda vertical donde un bot\u00f3n ovalado texturizado sostiene la placa rectangular de Carey.<br \/>\n* Sostenibilidad: Fabricados a partir de descartes de acr\u00edlico industrial, transformando residuos en piezas de dise\u00f1o circular.<\/p>\n","protected":false},"featured_media":2675,"template":"","meta":{"site-sidebar-layout":"default","site-content-layout":"default","ast-global-header-display":"","ast-main-header-display":"","ast-hfb-above-header-display":"","ast-hfb-below-header-display":"","ast-hfb-mobile-header-display":"","site-post-title":"","ast-breadcrumbs-content":"","ast-featured-img":"","footer-sml-layout":"","theme-transparent-header-meta":"default","adv-header-id-meta":"","stick-header-meta":"","header-above-stick-meta":"","header-main-stick-meta":"","header-below-stick-meta":""},"product_brand":[],"product_cat":[37],"product_tag":[],"class_list":{"0":"post-2673","1":"product","2":"type-product","3":"status-publish","4":"has-post-thumbnail","6":"product_cat-aros","7":"desktop-align-left","8":"tablet-align-left","9":"mobile-align-left","11":"first","12":"instock","13":"taxable","14":"shipping-taxable","15":"purchasable","16":"product-type-simple"},"aioseo_notices":[],"_links":{"self":[{"href":"https:\/\/lovenotwar.com.ar\/index.php?rest_route=\/wp\/v2\/product\/2673","targetHints":{"allow":["GET"]}}],"collection":[{"href":"https:\/\/lovenotwar.com.ar\/index.php?rest_route=\/wp\/v2\/product"}],"about":[{"href":"https:\/\/lovenotwar.com.ar\/index.php?rest_route=\/wp\/v2\/types\/product"}],"wp:featuredmedia":[{"embeddable":true,"href":"https:\/\/lovenotwar.com.ar\/index.php?rest_route=\/wp\/v2\/media\/2675"}],"wp:attachment":[{"href":"https:\/\/lovenotwar.com.ar\/index.php?rest_route=%2Fwp%2Fv2%2Fmedia&parent=2673"}],"wp:term":[{"taxonomy":"product_brand","embeddable":true,"href":"https:\/\/lovenotwar.com.ar\/index.php?rest_route=%2Fwp%2Fv2%2Fproduct_brand&post=2673"},{"taxonomy":"product_cat","embeddable":true,"href":"https:\/\/lovenotwar.com.ar\/index.php?rest_route=%2Fwp%2Fv2%2Fproduct_cat&post=2673"},{"taxonomy":"product_tag","embeddable":true,"href":"https:\/\/lovenotwar.com.ar\/index.php?rest_route=%2Fwp%2Fv2%2Fproduct_tag&post=2673"}],"curies":[{"name":"wp","href":"https:\/\/api.w.org\/{rel}","templated":true}]}}